{"id":596,"date":"2022-01-28T15:40:46","date_gmt":"2022-01-28T14:40:46","guid":{"rendered":"http:\/\/bienmangerbassinminier.fr\/?page_id=596"},"modified":"2022-01-28T16:53:00","modified_gmt":"2022-01-28T15:53:00","slug":"somauricette","status":"publish","type":"page","link":"https:\/\/bienmangerbassinminier.fr\/?page_id=596","title":{"rendered":"So&rsquo;Mauricette"},"content":{"rendered":"\t\t<div data-elementor-type=\"wp-page\" data-elementor-id=\"596\" class=\"elementor elementor-596\" data-elementor-settings=\"[]\">\n\t\t\t\t\t\t\t<div class=\"elementor-section-wrap\">\n\t\t\t\t\t\t\t<section class=\"elementor-section elementor-top-section elementor-element elementor-element-25786e3 elementor-section-boxed elementor-section-height-default elementor-section-height-default\" data-id=\"25786e3\" data-element_type=\"section\">\n\t\t\t\t\t\t<div class=\"elementor-container elementor-column-gap-default\">\n\t\t\t\t\t<div class=\"elementor-column elementor-col-100 elementor-top-column elementor-element elementor-element-80e0f6e\" data-id=\"80e0f6e\" data-element_type=\"column\">\n\t\t\t<div class=\"elementor-widget-wrap elementor-element-populated\">\n\t\t\t\t\t\t\t\t<div class=\"elementor-element elementor-element-f19292a elementor-widget elementor-widget-text-editor\" data-id=\"f19292a\" data-element_type=\"widget\" data-widget_type=\"text-editor.default\">\n\t\t\t\t<div class=\"elementor-widget-container\">\n\t\t\t\t\t\t\t<p dir=\"ltr\" style=\"line-height: 1.2; text-align: center; margin-top: 0pt; margin-bottom: 0pt;\"><span style=\"font-size: 27.999999999999996pt; font-family: 'Libre Franklin',sans-serif; color: #000000; background-color: transparent; font-weight: 400; font-style: normal; font-variant: normal; text-decoration: none; vertical-align: baseline; white-space: pre-wrap;\">So\u2019Mauricette<\/span><\/p><p dir=\"ltr\" style=\"line-height: 1.2; text-align: center; margin-top: 0pt; margin-bottom: 0pt;\"><span style=\"font-size: 27.999999999999996pt; font-family: 'Libre Franklin',sans-serif; color: #000000; background-color: transparent; font-weight: 400; font-style: normal; font-variant: normal; text-decoration: none; vertical-align: baseline; white-space: pre-wrap;\">\u00a0<\/span><\/p><p dir=\"ltr\" style=\"line-height: 1.2; text-align: center; margin-top: 0pt; margin-bottom: 0pt;\"><b style=\"font-weight: normal;\"><span style=\"border: none; display: inline-block; overflow: hidden; width: 287px; height: 105px;\"><img decoding=\"async\" loading=\"lazy\" class=\"wp-image-260 size-full aligncenter\" src=\"https:\/\/bienmangerbassinminier.fr\/wp-content\/uploads\/2022\/01\/So-mauricette.png\" alt=\"\" width=\"281\" height=\"103\" \/><\/span><\/b><\/p><p dir=\"ltr\" style=\"line-height: 1.2; text-align: justify; margin-top: 12pt; margin-bottom: 0pt;\"><span style=\"font-size: 16pt; font-family: 'Libre Franklin',sans-serif; color: #2f5496; background-color: transparent; font-weight: 400; font-style: normal; font-variant: normal; text-decoration: none; vertical-align: baseline; white-space: pre-wrap;\">Repr\u00e9sentante :\u00a0<\/span><\/p><p dir=\"ltr\" style=\"line-height: 1.2; text-align: justify; margin-top: 0pt; margin-bottom: 0pt;\"><span style=\"font-size: 12pt; font-family: 'Libre Franklin',sans-serif; color: #000000; background-color: transparent; font-weight: 400; font-style: normal; font-variant: normal; text-decoration: none; vertical-align: baseline; white-space: pre-wrap;\">Sophie Dubrulle<\/span><\/p><p dir=\"ltr\" style=\"line-height: 1.2; text-align: justify; margin-top: 12pt; margin-bottom: 0pt;\"><span style=\"font-size: 16pt; font-family: 'Libre Franklin',sans-serif; color: #2f5496; background-color: transparent; font-weight: 400; font-style: normal; font-variant: normal; text-decoration: none; vertical-align: baseline; white-space: pre-wrap;\">Contact et adresse :\u00a0<\/span><\/p><p dir=\"ltr\" style=\"line-height: 1.2; text-align: justify; margin-top: 0pt; margin-bottom: 0pt;\"><span style=\"font-size: 12pt; font-family: 'Libre Franklin',sans-serif; color: #000000; background-color: transparent; font-weight: 400; font-style: normal; font-variant: normal; text-decoration: none; vertical-align: baseline; white-space: pre-wrap;\">06 12 66 39 44<\/span><\/p><p dir=\"ltr\" style=\"line-height: 1.2; text-align: justify; margin-top: 0pt; margin-bottom: 0pt;\"><a style=\"text-decoration: none;\" href=\"mailto:contact@so-mauricette.fr\"><span style=\"font-size: 12pt; font-family: 'Libre Franklin',sans-serif; color: #1155cc; background-color: transparent; font-weight: 400; font-style: normal; font-variant: normal; text-decoration: underline; -webkit-text-decoration-skip: none; text-decoration-skip-ink: none; vertical-align: baseline; white-space: pre-wrap;\">sophie@so-mauricette.fr<\/span><\/a><\/p><p dir=\"ltr\" style=\"line-height: 1.2; text-align: justify; margin-top: 0pt; margin-bottom: 0pt;\"><span style=\"font-size: 12pt; font-family: 'Libre Franklin',sans-serif; color: #000000; background-color: transparent; font-weight: 400; font-style: normal; font-variant: normal; text-decoration: none; vertical-align: baseline; white-space: pre-wrap;\">Route d&rsquo;Oignies, 62820 Libercourt<\/span><\/p><p dir=\"ltr\" style=\"line-height: 1.2; text-align: justify; margin-top: 12pt; margin-bottom: 0pt;\"><span style=\"font-size: 16pt; font-family: 'Libre Franklin',sans-serif; color: #2f5496; background-color: transparent; font-weight: 400; font-style: normal; font-variant: normal; text-decoration: none; vertical-align: baseline; white-space: pre-wrap;\">Type de structure\u00a0:\u00a0<\/span><\/p><p dir=\"ltr\" style=\"line-height: 1.2; text-align: justify; margin-top: 0pt; margin-bottom: 0pt;\"><span style=\"font-size: 12pt; font-family: 'Libre Franklin',sans-serif; color: #000000; background-color: transparent; font-weight: 400; font-style: normal; font-variant: normal; text-decoration: none; vertical-align: baseline; white-space: pre-wrap;\">Magasin en ligne<\/span><\/p><p dir=\"ltr\" style=\"line-height: 1.2; text-align: justify; margin-top: 12pt; margin-bottom: 0pt;\"><span style=\"font-size: 16pt; font-family: 'Libre Franklin',sans-serif; color: #2f5496; background-color: transparent; font-weight: 400; font-style: normal; font-variant: normal; text-decoration: none; vertical-align: baseline; white-space: pre-wrap;\">Historique et pr\u00e9sentation succincte\u00a0:\u00a0<\/span><\/p><p dir=\"ltr\" style=\"line-height: 1.2; text-align: justify; margin-top: 0pt; margin-bottom: 0pt;\"><span style=\"font-size: 12pt; font-family: 'Libre Franklin',sans-serif; color: #000000; background-color: transparent; font-weight: 400; font-style: normal; font-variant: normal; text-decoration: none; vertical-align: baseline; white-space: pre-wrap;\">Plateforme en ligne de vente de produits majoritairement locaux, bio, et z\u00e9ro d\u00e9chet. Les produits sont propos\u00e9s dans des contenants r\u00e9utilisables (consign\u00e9s) ou en emballage recyclable..\u00a0<\/span><\/p><p dir=\"ltr\" style=\"line-height: 1.2; text-align: justify; margin-top: 0pt; margin-bottom: 0pt;\"><span style=\"font-size: 12pt; font-family: 'Libre Franklin',sans-serif; color: #000000; background-color: transparent; font-weight: 400; font-style: normal; font-variant: normal; text-decoration: none; vertical-align: baseline; white-space: pre-wrap;\">Les objectifs de So\u2019Mauricette sont la r\u00e9duction des emballages plastiques,\u00a0 la promotion des circuits courts et de l\u2019artisanal, la r\u00e9duction du gaspillage alimentaire et faire gagner du temps aux consommateurs par la livraison \u00e0 domicile, en entreprise ou dans des points relais.<\/span><\/p><p dir=\"ltr\" style=\"line-height: 1.2; text-align: justify; margin-top: 12pt; margin-bottom: 0pt;\"><span style=\"font-size: 16pt; font-family: 'Libre Franklin',sans-serif; color: #2f5496; background-color: transparent; font-weight: 400; font-style: normal; font-variant: normal; text-decoration: none; vertical-align: baseline; white-space: pre-wrap;\">Implantation, rayonnement et public :\u00a0<\/span><\/p><p dir=\"ltr\" style=\"line-height: 1.2; text-align: justify; margin-top: 0pt; margin-bottom: 0pt;\"><span style=\"font-size: 12pt; font-family: 'Libre Franklin',sans-serif; color: #000000; background-color: transparent; font-weight: 400; font-style: normal; font-variant: normal; text-decoration: none; vertical-align: baseline; white-space: pre-wrap;\">Implant\u00e9e sur le Bassin Minier, les commandes passent par internet. Le public vis\u00e9 est mixte, compos\u00e9 de particuliers et de professionnels. Les points relais sont vari\u00e9s\u00a0: Office du tourisme de Lens, Menadel et Saint Hubert, Conciergerie de quartier de Li\u00e9vin, Inter Caves \u00e0 Carvin\u2026<\/span><\/p><div>\u00a0<\/div>\t\t\t\t\t\t<\/div>\n\t\t\t\t<\/div>\n\t\t\t\t\t<\/div>\n\t\t<\/div>\n\t\t\t\t\t\t\t<\/div>\n\t\t<\/section>\n\t\t\t\t\t\t<\/div>\n\t\t\t\t\t<\/div>\n\t\t","protected":false},"excerpt":{"rendered":"<p>So\u2019Mauricette \u00a0 Repr\u00e9sentante :\u00a0 Sophie Dubrulle Contact et adresse :\u00a0 06 12 66 39 44 sophie@so-mauricette.fr Route d&rsquo;Oignies, 62820 Libercourt Type de structure\u00a0:\u00a0 Magasin en ligne Historique et pr\u00e9sentation succincte\u00a0:\u00a0 Plateforme en ligne de vente&hellip;<\/p>\n","protected":false},"author":1,"featured_media":0,"parent":0,"menu_order":0,"comment_status":"closed","ping_status":"closed","template":"","meta":[],"_links":{"self":[{"href":"https:\/\/bienmangerbassinminier.fr\/index.php?rest_route=\/wp\/v2\/pages\/596"}],"collection":[{"href":"https:\/\/bienmangerbassinminier.fr\/index.php?rest_route=\/wp\/v2\/pages"}],"about":[{"href":"https:\/\/bienmangerbassinminier.fr\/index.php?rest_route=\/wp\/v2\/types\/page"}],"author":[{"embeddable":true,"href":"https:\/\/bienmangerbassinminier.fr\/index.php?rest_route=\/wp\/v2\/users\/1"}],"replies":[{"embeddable":true,"href":"https:\/\/bienmangerbassinminier.fr\/index.php?rest_route=%2Fwp%2Fv2%2Fcomments&post=596"}],"version-history":[{"count":7,"href":"https:\/\/bienmangerbassinminier.fr\/index.php?rest_route=\/wp\/v2\/pages\/596\/revisions"}],"predecessor-version":[{"id":758,"href":"https:\/\/bienmangerbassinminier.fr\/index.php?rest_route=\/wp\/v2\/pages\/596\/revisions\/758"}],"wp:attachment":[{"href":"https:\/\/bienmangerbassinminier.fr\/index.php?rest_route=%2Fwp%2Fv2%2Fmedia&parent=596"}],"curies":[{"name":"wp","href":"https:\/\/api.w.org\/{rel}","templated":true}]}}