{"id":591,"date":"2022-01-28T15:39:55","date_gmt":"2022-01-28T14:39:55","guid":{"rendered":"http:\/\/bienmangerbassinminier.fr\/?page_id=591"},"modified":"2022-01-28T16:47:42","modified_gmt":"2022-01-28T15:47:42","slug":"pop-cafe-2","status":"publish","type":"page","link":"https:\/\/bienmangerbassinminier.fr\/?page_id=591","title":{"rendered":"Pop Caf\u00e9"},"content":{"rendered":"\t\t<div data-elementor-type=\"wp-page\" data-elementor-id=\"591\" class=\"elementor elementor-591\" data-elementor-settings=\"[]\">\n\t\t\t\t\t\t\t<div class=\"elementor-section-wrap\">\n\t\t\t\t\t\t\t<section class=\"elementor-section elementor-top-section elementor-element elementor-element-25f4086 elementor-section-boxed elementor-section-height-default elementor-section-height-default\" data-id=\"25f4086\" data-element_type=\"section\">\n\t\t\t\t\t\t<div class=\"elementor-container elementor-column-gap-default\">\n\t\t\t\t\t<div class=\"elementor-column elementor-col-100 elementor-top-column elementor-element elementor-element-54898ae\" data-id=\"54898ae\" data-element_type=\"column\">\n\t\t\t<div class=\"elementor-widget-wrap elementor-element-populated\">\n\t\t\t\t\t\t\t\t<div class=\"elementor-element elementor-element-cd06ed7 elementor-widget elementor-widget-text-editor\" data-id=\"cd06ed7\" data-element_type=\"widget\" data-widget_type=\"text-editor.default\">\n\t\t\t\t<div class=\"elementor-widget-container\">\n\t\t\t\t\t\t\t<p dir=\"ltr\" style=\"line-height: 1.2; text-align: center; margin-top: 0pt; margin-bottom: 0pt;\"><span style=\"font-size: 27.999999999999996pt; font-family: 'Libre Franklin',sans-serif; color: #000000; background-color: transparent; font-weight: 400; font-style: normal; font-variant: normal; text-decoration: none; vertical-align: baseline; white-space: pre-wrap;\">Pop Caf\u00e9\u00a0<\/span><\/p><p><b style=\"font-weight: normal;\">\u00a0<\/b><\/p><p dir=\"ltr\" style=\"line-height: 1.2; text-align: center; margin-top: 0pt; margin-bottom: 0pt;\"><span style=\"font-size: 12pt; font-family: 'Libre Franklin',sans-serif; color: #000000; background-color: transparent; font-weight: 400; font-style: normal; font-variant: normal; text-decoration: none; vertical-align: baseline; white-space: pre-wrap;\"><span style=\"border: none; display: inline-block; overflow: hidden; width: 141px; height: 140px;\"><img decoding=\"async\" loading=\"lazy\" style=\"margin-left: 0px; margin-top: 0px;\" src=\"https:\/\/lh6.googleusercontent.com\/0mCtlxtcU2O-kDCe_LIKrIMALNxpjoCLnIKWaC7fpDh0A-CAZPs63-MOI_7l1ccYMgby6JN3h9GlMnEkQaBnt29KccJdQ_CQprI3qVrbnyA_o2sFUu1WmTQFEaPwu51V2ewalNJH\" width=\"141\" height=\"140\" \/><\/span><\/span><\/p><p><b style=\"font-weight: normal;\">\u00a0<\/b><\/p><h1 dir=\"ltr\" style=\"line-height: 1.2; text-align: justify; margin-top: 12pt; margin-bottom: 0pt;\"><span style=\"font-size: 16pt; font-family: 'Libre Franklin',sans-serif; color: #2f5496; background-color: transparent; font-weight: 400; font-style: normal; font-variant: normal; text-decoration: none; vertical-align: baseline; white-space: pre-wrap;\">Repr\u00e9sentant :\u00a0<\/span><\/h1><p dir=\"ltr\" style=\"line-height: 1.2; text-align: justify; margin-top: 0pt; margin-bottom: 0pt;\"><span style=\"font-size: 12pt; font-family: 'Libre Franklin',sans-serif; color: #000000; background-color: transparent; font-weight: 400; font-style: normal; font-variant: normal; text-decoration: none; vertical-align: baseline; white-space: pre-wrap;\">Alexandre Bigot-Verdier<\/span><\/p><h1 dir=\"ltr\" style=\"line-height: 1.2; text-align: justify; margin-top: 12pt; margin-bottom: 0pt;\"><span style=\"font-size: 16pt; font-family: 'Libre Franklin',sans-serif; color: #2f5496; background-color: transparent; font-weight: 400; font-style: normal; font-variant: normal; text-decoration: none; vertical-align: baseline; white-space: pre-wrap;\">Contact et adresse :\u00a0<\/span><\/h1><p dir=\"ltr\" style=\"line-height: 1.2; text-align: justify; margin-top: 0pt; margin-bottom: 0pt;\"><span style=\"font-size: 12pt; font-family: 'Libre Franklin',sans-serif; color: #000000; background-color: transparent; font-weight: 400; font-style: normal; font-variant: normal; text-decoration: none; vertical-align: baseline; white-space: pre-wrap;\">06 76 76 21 66<\/span><\/p><p dir=\"ltr\" style=\"line-height: 1.2; text-align: justify; margin-top: 0pt; margin-bottom: 0pt;\"><span style=\"font-size: 12pt; font-family: 'Libre Franklin',sans-serif; color: #000000; background-color: transparent; font-weight: 400; font-style: normal; font-variant: normal; text-decoration: none; vertical-align: baseline; white-space: pre-wrap;\">alex@pop.cafe\u00a0<\/span><\/p><p dir=\"ltr\" style=\"line-height: 1.2; text-align: justify; margin-top: 0pt; margin-bottom: 0pt;\"><span style=\"font-size: 12pt; font-family: 'Libre Franklin',sans-serif; color: #000000; background-color: transparent; font-weight: 400; font-style: normal; font-variant: normal; text-decoration: none; vertical-align: baseline; white-space: pre-wrap;\">10\/12 rue Jules Guesde, 59000 LILLE<\/span><\/p><h1 dir=\"ltr\" style=\"line-height: 1.2; text-align: justify; margin-top: 12pt; margin-bottom: 0pt;\"><span style=\"font-size: 16pt; font-family: 'Libre Franklin',sans-serif; color: #2f5496; background-color: transparent; font-weight: 400; font-style: normal; font-variant: normal; text-decoration: none; vertical-align: baseline; white-space: pre-wrap;\">Type de structure\u00a0:\u00a0<\/span><\/h1><p dir=\"ltr\" style=\"line-height: 1.2; text-align: justify; margin-top: 0pt; margin-bottom: 0pt;\"><span style=\"font-size: 12pt; font-family: 'Libre Franklin',sans-serif; color: #000000; background-color: transparent; font-weight: 400; font-style: normal; font-variant: normal; text-decoration: none; vertical-align: baseline; white-space: pre-wrap;\">Espace de m\u00e9diation num\u00e9rique \/ D\u00e9bit de boisson<\/span><\/p><h1 dir=\"ltr\" style=\"line-height: 1.2; text-align: justify; margin-top: 12pt; margin-bottom: 0pt;\"><span style=\"font-size: 16pt; font-family: 'Libre Franklin',sans-serif; color: #2f5496; background-color: transparent; font-weight: 400; font-style: normal; font-variant: normal; text-decoration: none; vertical-align: baseline; white-space: pre-wrap;\">Historique et pr\u00e9sentation succincte\u00a0:\u00a0<\/span><\/h1><p dir=\"ltr\" style=\"line-height: 1.2; text-align: justify; margin-top: 0pt; margin-bottom: 0pt;\"><span style=\"font-size: 12pt; font-family: 'Libre Franklin',sans-serif; color: #000000; background-color: transparent; font-weight: 400; font-style: normal; font-variant: normal; text-decoration: none; vertical-align: baseline; white-space: pre-wrap;\">Con\u00e7u dans l\u2019esprit des tiers-lieux et de l\u2019\u00e9ducation populaire, POP Caf\u00e9 est un outil au service de la transition num\u00e9rique des territoires.<\/span><\/p><p dir=\"ltr\" style=\"line-height: 1.2; text-align: justify; margin-top: 0pt; margin-bottom: 0pt;\"><span style=\"font-size: 12pt; font-family: 'Libre Franklin',sans-serif; color: #000000; background-color: transparent; font-weight: 400; font-style: normal; font-variant: normal; text-decoration: none; vertical-align: baseline; white-space: pre-wrap;\">C\u2019est un caf\u00e9. C\u2019est aussi un espace pour d\u00e9nouer les probl\u00e8mes quotidiens li\u00e9s \u00e0 l\u2019acc\u00e8s au num\u00e9rique et \u00e0 sa ma\u00eetrise. C\u2019est un lieu ressources, o\u00f9 les connaissances se partagent, un laboratoire d\u2019id\u00e9es, un terrain d\u2019innovation collective. Le POP Caf\u00e9 veut permettre une plus grande connaissance des outils num\u00e9riques, aider les citoyens \u00e0 mieux en saisir les opportunit\u00e9s mais aussi les limites. Son objectif final : d\u00e9velopper le pouvoir d\u2019agir et faire \u00e9clore les id\u00e9es.<\/span><\/p><p dir=\"ltr\" style=\"line-height: 1.2; text-align: justify; margin-top: 0pt; margin-bottom: 0pt;\"><span style=\"font-size: 12pt; font-family: 'Libre Franklin',sans-serif; color: #000000; background-color: transparent; font-weight: 400; font-style: normal; font-variant: normal; text-decoration: none; vertical-align: baseline; white-space: pre-wrap;\">Comme il appartient \u00e0 ses usagers, chacun y am\u00e8ne ses envies, ses talents, ses questions, ses conseils, ses astuces. Chacun peut y d\u00e9velopper ses projets, en pair-\u00e0-pair, avec une \u00e9quipe d\u2019animateurs-facilitateurs \u00e0 ses c\u00f4t\u00e9s.<\/span><\/p><ul style=\"margin-top: 0; margin-bottom: 0; padding-inline-start: 48px;\"><li dir=\"ltr\" style=\"list-style-type: disc; font-size: 12pt; font-family: 'Libre Franklin',sans-serif; color: #000000; background-color: transparent; font-weight: 400; font-style: normal; font-variant: normal; text-decoration: none; vertical-align: baseline; white-space: pre;\" aria-level=\"1\"><p dir=\"ltr\" style=\"line-height: 1.2; text-align: justify; margin-top: 0pt; margin-bottom: 0pt;\" role=\"presentation\"><span style=\"font-size: 12pt; font-family: 'Libre Franklin',sans-serif; color: #000000; background-color: transparent; font-weight: 400; font-style: normal; font-variant: normal; text-decoration: none; vertical-align: baseline; white-space: pre-wrap;\">1er caf\u00e9 ouvert en 2020 \u00e0 Wazemmes<\/span><\/p><\/li><li dir=\"ltr\" style=\"list-style-type: disc; font-size: 12pt; font-family: 'Libre Franklin',sans-serif; color: #000000; background-color: transparent; font-weight: 400; font-style: normal; font-variant: normal; text-decoration: none; vertical-align: baseline; white-space: pre;\" aria-level=\"1\"><p dir=\"ltr\" style=\"line-height: 1.2; text-align: justify; margin-top: 0pt; margin-bottom: 12pt;\" role=\"presentation\"><span style=\"font-size: 12pt; font-family: 'Libre Franklin',sans-serif; color: #000000; background-color: transparent; font-weight: 400; font-style: normal; font-variant: normal; text-decoration: none; vertical-align: baseline; white-space: pre-wrap;\">3 autre lieux en cours d\u2019ouverture (P\u00e9ronne, Creil et Loos chez Menadel)<\/span><\/p><\/li><\/ul><h1 dir=\"ltr\" style=\"line-height: 1.2; text-align: justify; margin-top: 12pt; margin-bottom: 0pt;\"><span style=\"font-size: 16pt; font-family: 'Libre Franklin',sans-serif; color: #2f5496; background-color: transparent; font-weight: 400; font-style: normal; font-variant: normal; text-decoration: none; vertical-align: baseline; white-space: pre-wrap;\">Implantation, rayonnement et public :\u00a0<\/span><\/h1><p>\u00a0<\/p><p dir=\"ltr\" style=\"line-height: 1.2; text-align: justify; margin-top: 0pt; margin-bottom: 0pt;\"><span style=\"font-size: 12pt; font-family: 'Libre Franklin',sans-serif; color: #000000; background-color: transparent; font-weight: 400; font-style: normal; font-variant: normal; text-decoration: none; vertical-align: baseline; white-space: pre-wrap;\">POP Caf\u00e9 est en train de cr\u00e9er son premier caf\u00e9 au c\u0153ur du quartier de Wazemmes \u00e0 Lille. Au vu de l\u2019\u00e9poque et de la p\u00e9riode, le public esp\u00e9r\u00e9 n\u2019est pas le m\u00eame que celui pr\u00e9vu initialement, et se tourne pour l\u2019instant vers l\u2019accompagnement de commer\u00e7ants vers la cr\u00e9ation de plateforme de vente en ligne et de mise en place de solution de Click and Collect en attendant l\u2019ouverture du caf\u00e9. Pop Caf\u00e9 d\u00e9veloppe aussi son action dans le Bassin Minier via la mise en place d\u2019un partenariat avec les Anges Gardins et des interventions au Saint Hubert et Menadel (transfert d\u2019exp\u00e9rience, formation\u2026). <\/span><\/p>\t\t\t\t\t\t<\/div>\n\t\t\t\t<\/div>\n\t\t\t\t\t<\/div>\n\t\t<\/div>\n\t\t\t\t\t\t\t<\/div>\n\t\t<\/section>\n\t\t\t\t\t\t<\/div>\n\t\t\t\t\t<\/div>\n\t\t","protected":false},"excerpt":{"rendered":"<p>Pop Caf\u00e9\u00a0 \u00a0 \u00a0 Repr\u00e9sentant :\u00a0 Alexandre Bigot-Verdier Contact et adresse :\u00a0 06 76 76 21 66 alex@pop.cafe\u00a0 10\/12 rue Jules Guesde, 59000 LILLE Type de structure\u00a0:\u00a0 Espace de m\u00e9diation num\u00e9rique \/ D\u00e9bit de boisson&hellip;<\/p>\n","protected":false},"author":1,"featured_media":0,"parent":0,"menu_order":0,"comment_status":"closed","ping_status":"closed","template":"","meta":[],"_links":{"self":[{"href":"https:\/\/bienmangerbassinminier.fr\/index.php?rest_route=\/wp\/v2\/pages\/591"}],"collection":[{"href":"https:\/\/bienmangerbassinminier.fr\/index.php?rest_route=\/wp\/v2\/pages"}],"about":[{"href":"https:\/\/bienmangerbassinminier.fr\/index.php?rest_route=\/wp\/v2\/types\/page"}],"author":[{"embeddable":true,"href":"https:\/\/bienmangerbassinminier.fr\/index.php?rest_route=\/wp\/v2\/users\/1"}],"replies":[{"embeddable":true,"href":"https:\/\/bienmangerbassinminier.fr\/index.php?rest_route=%2Fwp%2Fv2%2Fcomments&post=591"}],"version-history":[{"count":7,"href":"https:\/\/bienmangerbassinminier.fr\/index.php?rest_route=\/wp\/v2\/pages\/591\/revisions"}],"predecessor-version":[{"id":740,"href":"https:\/\/bienmangerbassinminier.fr\/index.php?rest_route=\/wp\/v2\/pages\/591\/revisions\/740"}],"wp:attachment":[{"href":"https:\/\/bienmangerbassinminier.fr\/index.php?rest_route=%2Fwp%2Fv2%2Fmedia&parent=591"}],"curies":[{"name":"wp","href":"https:\/\/api.w.org\/{rel}","templated":true}]}}

Pop Café

<div data-elementor-type="wp-page" data-elementor-id="591" class="elementor elementor-591" data-elementor-settings="[]">
							<div class="elementor-section-wrap">
							<section class="elementor-section elementor-top-section elementor-element elementor-element-25f4086 elementor-section-boxed elementor-section-height-default elementor-section-height-default" data-id="25f4086" data-element_type="section">
						<div class="elementor-container elementor-column-gap-default">
					<div class="elementor-column elementor-col-100 elementor-top-column elementor-element elementor-element-54898ae" data-id="54898ae" data-element_type="column">
			<div class="elementor-widget-wrap elementor-element-populated">
								<div class="elementor-element elementor-element-cd06ed7 elementor-widget elementor-widget-text-editor" data-id="cd06ed7" data-element_type="widget" data-widget_type="text-editor.default">
				<div class="elementor-widget-container">
							<p dir="ltr" style="line-height: 1.2; text-align: center; margin-top: 0pt; margin-bottom: 0pt;"><span style="font-size: 27.999999999999996pt; font-family: 'Libre Franklin',sans-serif; color: #000000; background-color: transparent; font-weight: 400; font-style: normal; font-variant: normal; text-decoration: none; vertical-align: baseline; white-space: pre-wrap;">Pop Café </span></p><p><b style="font-weight: normal;"> </b></p><p dir="ltr" style="line-height: 1.2; text-align: center; margin-top: 0pt; margin-bottom: 0pt;"><span style="font-size: 12pt; font-family: 'Libre Franklin',sans-serif; color: #000000; background-color: transparent; font-weight: 400; font-style: normal; font-variant: normal; text-decoration: none; vertical-align: baseline; white-space: pre-wrap;"><span style="border: none; display: inline-block; overflow: hidden; width: 141px; height: 140px;"><img decoding="async" loading="lazy" style="margin-left: 0px; margin-top: 0px;" src="https://lh6.googleusercontent.com/0mCtlxtcU2O-kDCe_LIKrIMALNxpjoCLnIKWaC7fpDh0A-CAZPs63-MOI_7l1ccYMgby6JN3h9GlMnEkQaBnt29KccJdQ_CQprI3qVrbnyA_o2sFUu1WmTQFEaPwu51V2ewalNJH" width="141" height="140" /></span></span></p><p><b style="font-weight: normal;"> </b></p><h1 dir="ltr" style="line-height: 1.2; text-align: justify; margin-top: 12pt; margin-bottom: 0pt;"><span style="font-size: 16pt; font-family: 'Libre Franklin',sans-serif; color: #2f5496; background-color: transparent; font-weight: 400; font-style: normal; font-variant: normal; text-decoration: none; vertical-align: baseline; white-space: pre-wrap;">Représentant : </span></h1><p dir="ltr" style="line-height: 1.2; text-align: justify; margin-top: 0pt; margin-bottom: 0pt;"><span style="font-size: 12pt; font-family: 'Libre Franklin',sans-serif; color: #000000; background-color: transparent; font-weight: 400; font-style: normal; font-variant: normal; text-decoration: none; vertical-align: baseline; white-space: pre-wrap;">Alexandre Bigot-Verdier</span></p><h1 dir="ltr" style="line-height: 1.2; text-align: justify; margin-top: 12pt; margin-bottom: 0pt;"><span style="font-size: 16pt; font-family: 'Libre Franklin',sans-serif; color: #2f5496; background-color: transparent; font-weight: 400; font-style: normal; font-variant: normal; text-decoration: none; vertical-align: baseline; white-space: pre-wrap;">Contact et adresse : </span></h1><p dir="ltr" style="line-height: 1.2; text-align: justify; margin-top: 0pt; margin-bottom: 0pt;"><span style="font-size: 12pt; font-family: 'Libre Franklin',sans-serif; color: #000000; background-color: transparent; font-weight: 400; font-style: normal; font-variant: normal; text-decoration: none; vertical-align: baseline; white-space: pre-wrap;">06 76 76 21 66</span></p><p dir="ltr" style="line-height: 1.2; text-align: justify; margin-top: 0pt; margin-bottom: 0pt;"><span style="font-size: 12pt; font-family: 'Libre Franklin',sans-serif; color: #000000; background-color: transparent; font-weight: 400; font-style: normal; font-variant: normal; text-decoration: none; vertical-align: baseline; white-space: pre-wrap;">alex@pop.cafe </span></p><p dir="ltr" style="line-height: 1.2; text-align: justify; margin-top: 0pt; margin-bottom: 0pt;"><span style="font-size: 12pt; font-family: 'Libre Franklin',sans-serif; color: #000000; background-color: transparent; font-weight: 400; font-style: normal; font-variant: normal; text-decoration: none; vertical-align: baseline; white-space: pre-wrap;">10/12 rue Jules Guesde, 59000 LILLE</span></p><h1 dir="ltr" style="line-height: 1.2; text-align: justify; margin-top: 12pt; margin-bottom: 0pt;"><span style="font-size: 16pt; font-family: 'Libre Franklin',sans-serif; color: #2f5496; background-color: transparent; font-weight: 400; font-style: normal; font-variant: normal; text-decoration: none; vertical-align: baseline; white-space: pre-wrap;">Type de structure : </span></h1><p dir="ltr" style="line-height: 1.2; text-align: justify; margin-top: 0pt; margin-bottom: 0pt;"><span style="font-size: 12pt; font-family: 'Libre Franklin',sans-serif; color: #000000; background-color: transparent; font-weight: 400; font-style: normal; font-variant: normal; text-decoration: none; vertical-align: baseline; white-space: pre-wrap;">Espace de médiation numérique / Débit de boisson</span></p><h1 dir="ltr" style="line-height: 1.2; text-align: justify; margin-top: 12pt; margin-bottom: 0pt;"><span style="font-size: 16pt; font-family: 'Libre Franklin',sans-serif; color: #2f5496; background-color: transparent; font-weight: 400; font-style: normal; font-variant: normal; text-decoration: none; vertical-align: baseline; white-space: pre-wrap;">Historique et présentation succincte : </span></h1><p dir="ltr" style="line-height: 1.2; text-align: justify; margin-top: 0pt; margin-bottom: 0pt;"><span style="font-size: 12pt; font-family: 'Libre Franklin',sans-serif; color: #000000; background-color: transparent; font-weight: 400; font-style: normal; font-variant: normal; text-decoration: none; vertical-align: baseline; white-space: pre-wrap;">Conçu dans l’esprit des tiers-lieux et de l’éducation populaire, POP Café est un outil au service de la transition numérique des territoires.</span></p><p dir="ltr" style="line-height: 1.2; text-align: justify; margin-top: 0pt; margin-bottom: 0pt;"><span style="font-size: 12pt; font-family: 'Libre Franklin',sans-serif; color: #000000; background-color: transparent; font-weight: 400; font-style: normal; font-variant: normal; text-decoration: none; vertical-align: baseline; white-space: pre-wrap;">C’est un café. C’est aussi un espace pour dénouer les problèmes quotidiens liés à l’accès au numérique et à sa maîtrise. C’est un lieu ressources, où les connaissances se partagent, un laboratoire d’idées, un terrain d’innovation collective. Le POP Café veut permettre une plus grande connaissance des outils numériques, aider les citoyens à mieux en saisir les opportunités mais aussi les limites. Son objectif final : développer le pouvoir d’agir et faire éclore les idées.</span></p><p dir="ltr" style="line-height: 1.2; text-align: justify; margin-top: 0pt; margin-bottom: 0pt;"><span style="font-size: 12pt; font-family: 'Libre Franklin',sans-serif; color: #000000; background-color: transparent; font-weight: 400; font-style: normal; font-variant: normal; text-decoration: none; vertical-align: baseline; white-space: pre-wrap;">Comme il appartient à ses usagers, chacun y amène ses envies, ses talents, ses questions, ses conseils, ses astuces. Chacun peut y développer ses projets, en pair-à-pair, avec une équipe d’animateurs-facilitateurs à ses côtés.</span></p><ul style="margin-top: 0; margin-bottom: 0; padding-inline-start: 48px;"><li dir="ltr" style="list-style-type: disc; font-size: 12pt; font-family: 'Libre Franklin',sans-serif; color: #000000; background-color: transparent; font-weight: 400; font-style: normal; font-variant: normal; text-decoration: none; vertical-align: baseline; white-space: pre;" aria-level="1"><p dir="ltr" style="line-height: 1.2; text-align: justify; margin-top: 0pt; margin-bottom: 0pt;" role="presentation"><span style="font-size: 12pt; font-family: 'Libre Franklin',sans-serif; color: #000000; background-color: transparent; font-weight: 400; font-style: normal; font-variant: normal; text-decoration: none; vertical-align: baseline; white-space: pre-wrap;">1er café ouvert en 2020 à Wazemmes</span></p></li><li dir="ltr" style="list-style-type: disc; font-size: 12pt; font-family: 'Libre Franklin',sans-serif; color: #000000; background-color: transparent; font-weight: 400; font-style: normal; font-variant: normal; text-decoration: none; vertical-align: baseline; white-space: pre;" aria-level="1"><p dir="ltr" style="line-height: 1.2; text-align: justify; margin-top: 0pt; margin-bottom: 12pt;" role="presentation"><span style="font-size: 12pt; font-family: 'Libre Franklin',sans-serif; color: #000000; background-color: transparent; font-weight: 400; font-style: normal; font-variant: normal; text-decoration: none; vertical-align: baseline; white-space: pre-wrap;">3 autre lieux en cours d’ouverture (Péronne, Creil et Loos chez Menadel)</span></p></li></ul><h1 dir="ltr" style="line-height: 1.2; text-align: justify; margin-top: 12pt; margin-bottom: 0pt;"><span style="font-size: 16pt; font-family: 'Libre Franklin',sans-serif; color: #2f5496; background-color: transparent; font-weight: 400; font-style: normal; font-variant: normal; text-decoration: none; vertical-align: baseline; white-space: pre-wrap;">Implantation, rayonnement et public : </span></h1><p> </p><p dir="ltr" style="line-height: 1.2; text-align: justify; margin-top: 0pt; margin-bottom: 0pt;"><span style="font-size: 12pt; font-family: 'Libre Franklin',sans-serif; color: #000000; background-color: transparent; font-weight: 400; font-style: normal; font-variant: normal; text-decoration: none; vertical-align: baseline; white-space: pre-wrap;">POP Café est en train de créer son premier café au cœur du quartier de Wazemmes à Lille. Au vu de l’époque et de la période, le public espéré n’est pas le même que celui prévu initialement, et se tourne pour l’instant vers l’accompagnement de commerçants vers la création de plateforme de vente en ligne et de mise en place de solution de Click and Collect en attendant l’ouverture du café. Pop Café développe aussi son action dans le Bassin Minier via la mise en place d’un partenariat avec les Anges Gardins et des interventions au Saint Hubert et Menadel (transfert d’expérience, formation…). </span></p>						</div>
				</div>
					</div>
		</div>
							</div>
		</section>
						</div>
					</div>

<p>Pop Café      Représentant :  Alexandre Bigot-Verdier Contact et adresse :  06 76 76 21 66 alex@pop.cafe  10/12 rue Jules Guesde, 59000 LILLE Type de structure :  Espace de médiation numérique / Débit de boisson&hellip;</p>
