{"id":519,"date":"2022-01-28T15:17:06","date_gmt":"2022-01-28T14:17:06","guid":{"rendered":"http:\/\/bienmangerbassinminier.fr\/?page_id=519"},"modified":"2022-03-30T10:29:23","modified_gmt":"2022-03-30T08:29:23","slug":"ccas-de-vendin-le-veil","status":"publish","type":"page","link":"https:\/\/bienmangerbassinminier.fr\/?page_id=519","title":{"rendered":"CCAS de Vendin-le-Veil"},"content":{"rendered":"\t\t<div data-elementor-type=\"wp-page\" data-elementor-id=\"519\" class=\"elementor elementor-519\" data-elementor-settings=\"[]\">\n\t\t\t\t\t\t\t<div class=\"elementor-section-wrap\">\n\t\t\t\t\t\t\t<section class=\"elementor-section elementor-top-section elementor-element elementor-element-2329919 elementor-section-boxed elementor-section-height-default elementor-section-height-default\" data-id=\"2329919\" data-element_type=\"section\">\n\t\t\t\t\t\t<div class=\"elementor-container elementor-column-gap-default\">\n\t\t\t\t\t<div class=\"elementor-column elementor-col-100 elementor-top-column elementor-element elementor-element-1c0e486\" data-id=\"1c0e486\" data-element_type=\"column\">\n\t\t\t<div class=\"elementor-widget-wrap elementor-element-populated\">\n\t\t\t\t\t\t\t\t<div class=\"elementor-element elementor-element-c756ebf elementor-widget elementor-widget-text-editor\" data-id=\"c756ebf\" data-element_type=\"widget\" data-widget_type=\"text-editor.default\">\n\t\t\t\t<div class=\"elementor-widget-container\">\n\t\t\t\t\t\t\t<p dir=\"ltr\" style=\"line-height: 1.3800000000000001; text-align: center; margin-top: 0pt; margin-bottom: 3pt;\"><span style=\"font-size: 26pt; font-family: 'Libre Franklin',sans-serif; color: #000000; background-color: transparent; font-weight: 400; font-style: normal; font-variant: normal; text-decoration: none; vertical-align: baseline; white-space: pre-wrap;\">CCAS de Vendin-le-Vieil<\/span><\/p><p><b style=\"font-weight: normal;\">\u00a0<\/b><\/p><p dir=\"ltr\" style=\"line-height: 1.2; text-align: center; margin-top: 0pt; margin-bottom: 0pt;\"><span style=\"font-size: 12pt; font-family: 'Libre Franklin',sans-serif; color: #000000; background-color: transparent; font-weight: 400; font-style: normal; font-variant: normal; text-decoration: none; vertical-align: baseline; white-space: pre-wrap;\"><span style=\"border: none; display: inline-block; overflow: hidden; width: 146px; height: 178px;\"><img decoding=\"async\" loading=\"lazy\" style=\"margin-left: 0px; margin-top: 0px;\" src=\"https:\/\/lh3.googleusercontent.com\/CptcFJJZKDQX-TJMBYtiXUsQXN102ZIxWTTqspjOcQY06Sq9E-nHLaBbJcyHn1cVJN7KuxW7eSaHGTZ35m_x3ULr25Oz7p9lr8UCY2cz-uIaQuJZB0hIDrgK5j4nBHSuqgxn-KA\" width=\"146\" height=\"178\" \/><\/span><\/span><\/p><h1 dir=\"ltr\" style=\"line-height: 1.2; margin-top: 12pt; margin-bottom: 0pt;\"><span style=\"font-size: 16pt; font-family: 'Libre Franklin',sans-serif; color: #2f5496; background-color: transparent; font-weight: 400; font-style: normal; font-variant: normal; text-decoration: none; vertical-align: baseline; white-space: pre-wrap;\">Repr\u00e9sentant :\u00a0<\/span><\/h1><p dir=\"ltr\" style=\"line-height: 1.2; margin-top: 0pt; margin-bottom: 0pt;\"><span style=\"font-size: 12pt; font-family: 'Libre Franklin',sans-serif; color: #000000; background-color: transparent; font-weight: 400; font-style: normal; font-variant: normal; text-decoration: none; vertical-align: baseline; white-space: pre-wrap;\"><span style=\"font-weight: var( --e-global-typography-text-font-weight );\">Ludovic Gambiez (Pr\u00e9sident du CCAS)<\/span><\/span><\/p><h1 dir=\"ltr\" style=\"line-height: 1.2; margin-top: 12pt; margin-bottom: 0pt;\"><span style=\"font-size: 16pt; font-family: 'Libre Franklin',sans-serif; color: #2f5496; background-color: transparent; font-weight: 400; font-style: normal; font-variant: normal; text-decoration: none; vertical-align: baseline; white-space: pre-wrap;\">Contact et adresse :\u00a0<\/span><\/h1><p dir=\"ltr\" style=\"line-height: 1.2; margin-top: 0pt; margin-bottom: 0pt;\"><span style=\"font-size: 12pt; font-family: 'Libre Franklin',sans-serif; color: #000000; background-color: transparent; font-weight: 400; font-style: normal; font-variant: normal; text-decoration: none; vertical-align: baseline; white-space: pre-wrap;\"><span style=\"font-weight: var( --e-global-typography-text-font-weight );\">Olivier HOBER (Directeur du CCAS et service logement)<\/span><\/span><\/p><p dir=\"ltr\" style=\"line-height: 1.2; margin-top: 0pt; margin-bottom: 0pt;\"><span style=\"font-size: 12pt; font-family: 'Libre Franklin',sans-serif; color: #000000; background-color: transparent; font-weight: 400; font-style: normal; font-variant: normal; text-decoration: none; vertical-align: baseline; white-space: pre-wrap;\">07 55 63 96 15<\/span><\/p><p dir=\"ltr\" style=\"line-height: 1.2; margin-top: 0pt; margin-bottom: 0pt;\"><a style=\"text-decoration: none;\" href=\"mailto:o.hober@vendinlevieil.fr\"><span style=\"font-size: 12pt; font-family: 'Libre Franklin',sans-serif; color: #1155cc; background-color: transparent; font-weight: 400; font-style: normal; font-variant: normal; text-decoration: underline; -webkit-text-decoration-skip: none; text-decoration-skip-ink: none; vertical-align: baseline; white-space: pre-wrap;\">o.hober@vendinlevieil.fr<\/span><\/a><\/p><p dir=\"ltr\" style=\"line-height: 1.2; margin-top: 0pt; margin-bottom: 0pt;\"><span style=\"font-size: 12pt; font-family: 'Libre Franklin',sans-serif; color: #222222; background-color: #ffffff; font-weight: 400; font-style: normal; font-variant: normal; text-decoration: none; vertical-align: baseline; white-space: pre-wrap;\">Espace Bernard Bousch, 7 rue de la Libert\u00e9<\/span><\/p><p dir=\"ltr\" style=\"line-height: 1.2; margin-top: 0pt; margin-bottom: 0pt;\"><span style=\"font-size: 12pt; font-family: 'Libre Franklin',sans-serif; color: #222222; background-color: #ffffff; font-weight: 400; font-style: normal; font-variant: normal; text-decoration: none; vertical-align: baseline; white-space: pre-wrap;\">62880 Vendin-le-Vieil<\/span><\/p><h1 dir=\"ltr\" style=\"line-height: 1.2; text-align: justify; margin-top: 12pt; margin-bottom: 0pt;\"><span style=\"font-size: 16pt; font-family: 'Libre Franklin',sans-serif; color: #2f5496; background-color: transparent; font-weight: 400; font-style: normal; font-variant: normal; text-decoration: none; vertical-align: baseline; white-space: pre-wrap;\">Type de structure :\u00a0<\/span><\/h1><p dir=\"ltr\" style=\"line-height: 1.2; margin-top: 0pt; margin-bottom: 0pt;\"><span style=\"font-size: 12pt; font-family: 'Libre Franklin',sans-serif; color: #000000; background-color: transparent; font-weight: 400; font-style: normal; font-variant: normal; text-decoration: none; vertical-align: baseline; white-space: pre-wrap;\">Centre Communal d\u2019Action Sociale (\u00e9tablissement public administratif)<\/span><\/p><h1 dir=\"ltr\" style=\"line-height: 1.2; text-align: justify; margin-top: 12pt; margin-bottom: 0pt;\"><span style=\"font-size: 16pt; font-family: 'Libre Franklin',sans-serif; color: #2f5496; background-color: transparent; font-weight: 400; font-style: normal; font-variant: normal; text-decoration: none; vertical-align: baseline; white-space: pre-wrap;\">Pr\u00e9sentation succincte :\u00a0<\/span><\/h1><p dir=\"ltr\" style=\"line-height: 1.2; text-align: justify; margin-top: 0pt; margin-bottom: 0pt;\"><span style=\"font-size: 12pt; font-family: 'Libre Franklin',sans-serif; color: #000000; background-color: transparent; font-weight: 400; font-style: normal; font-variant: normal; text-decoration: none; vertical-align: baseline; white-space: pre-wrap;\">Le CCAS de Vendin-le-Vieil accompagne les habitants de diff\u00e9rentes fa\u00e7ons dans leurs d\u00e9marches, pour rem\u00e9dier \u00e0 des situations de pr\u00e9carit\u00e9 ou de difficult\u00e9s sociales. Tous les publics sont concern\u00e9s, que ce soit des familles, des personnes \u00e2g\u00e9es, des personnes en situation de handicap\u2026 Le public peut \u00eatre directement pris en charge par le CCAS ou orient\u00e9 par des partenaires locaux. Les missions du CCAS sont larges et peuvent notamment \u00eatre d\u2019aider dans des d\u00e9marches administratives (constituer des dossiers de RSA, faire des demandes de logement\u2026), de fournir des aides sociales (communales, ch\u00e8ques d\u2019accompagnement\u2026), de proposer un dispositif d\u2019accompagnement individualis\u00e9 vers l\u2019emploi\u2026 <\/span><\/p><p dir=\"ltr\" style=\"line-height: 1.2; text-align: justify; margin-top: 0pt; margin-bottom: 0pt;\"><span style=\"font-size: 12pt; font-family: 'Libre Franklin',sans-serif; color: #000000; background-color: transparent; font-weight: 400; font-style: normal; font-variant: normal; text-decoration: none; vertical-align: baseline; white-space: pre-wrap;\">Dans le cadre de la lutte contre l\u2019exclusion et notamment alimentaire, le CCAS de Vendin-le-Vieil cofinance les dispositifs paniers solidaires (avec Les Anges Gardins) et P.A.N.I.E.R.S permettant l&rsquo;acc\u00e8s \u00e0 une offre de l\u00e9gumes et fruits bio \u00e0 moindre co\u00fbt. Membre du Syst\u00e8me d&rsquo;Alimentation Durable Territorial de la CALL, le CCAS travaille l&rsquo;acc\u00e8s \u00e0 une alimentation saine et durable avec ses partenaires. En collaboration avec le Anges Gardins, il d\u00e9veloppe sur la commune un archipel nourricier.<br \/><\/span><\/p><h1 dir=\"ltr\" style=\"line-height: 1.2; text-align: justify; margin-top: 12pt; margin-bottom: 0pt;\"><span style=\"font-size: 16pt; font-family: 'Libre Franklin',sans-serif; color: #2f5496; background-color: transparent; font-weight: 400; font-style: normal; font-variant: normal; text-decoration: none; vertical-align: baseline; white-space: pre-wrap;\">Implantation, rayonnement et public :\u00a0<\/span><\/h1><p>\u00a0<\/p><p dir=\"ltr\" style=\"line-height: 1.2; text-align: justify; margin-top: 0pt; margin-bottom: 0pt;\"><span style=\"font-size: 12pt; font-family: 'Libre Franklin',sans-serif; color: #000000; background-color: transparent; font-weight: 400; font-style: normal; font-variant: normal; text-decoration: none; vertical-align: baseline; white-space: pre-wrap;\">Le CCAS, anciennement implant\u00e9 dans le centre-ville de Vendin, en mairie, a d\u00e9m\u00e9nag\u00e9 depuis d\u00e9cembre 2020, et est dor\u00e9navant situ\u00e9 dans l\u2019ancienne mairie annexe, \u00e0 l\u2019Espace Bernard Bousch, au c\u0153ur de la cit\u00e9 8, quartier politique de la ville. Ce nouvel emplacement va notamment permettre de toucher de nouveaux habitants de la commune, plus \u00e9loign\u00e9s du centre<\/span><span style=\"color: #000000; font-family: 'Libre Franklin', sans-serif; font-size: 16px; font-weight: var( --e-global-typography-text-font-weight ); white-space: pre-wrap;\">. <\/span><\/p>\t\t\t\t\t\t<\/div>\n\t\t\t\t<\/div>\n\t\t\t\t\t<\/div>\n\t\t<\/div>\n\t\t\t\t\t\t\t<\/div>\n\t\t<\/section>\n\t\t\t\t\t\t<\/div>\n\t\t\t\t\t<\/div>\n\t\t","protected":false},"excerpt":{"rendered":"<p>CCAS de Vendin-le-Vieil \u00a0 Repr\u00e9sentant :\u00a0 Ludovic Gambiez (Pr\u00e9sident du CCAS) Contact et adresse :\u00a0 Olivier HOBER (Directeur du CCAS et service logement) 07 55 63 96 15 o.hober@vendinlevieil.fr Espace Bernard Bousch, 7 rue de&hellip;<\/p>\n","protected":false},"author":1,"featured_media":0,"parent":0,"menu_order":0,"comment_status":"closed","ping_status":"closed","template":"","meta":[],"_links":{"self":[{"href":"https:\/\/bienmangerbassinminier.fr\/index.php?rest_route=\/wp\/v2\/pages\/519"}],"collection":[{"href":"https:\/\/bienmangerbassinminier.fr\/index.php?rest_route=\/wp\/v2\/pages"}],"about":[{"href":"https:\/\/bienmangerbassinminier.fr\/index.php?rest_route=\/wp\/v2\/types\/page"}],"author":[{"embeddable":true,"href":"https:\/\/bienmangerbassinminier.fr\/index.php?rest_route=\/wp\/v2\/users\/1"}],"replies":[{"embeddable":true,"href":"https:\/\/bienmangerbassinminier.fr\/index.php?rest_route=%2Fwp%2Fv2%2Fcomments&post=519"}],"version-history":[{"count":19,"href":"https:\/\/bienmangerbassinminier.fr\/index.php?rest_route=\/wp\/v2\/pages\/519\/revisions"}],"predecessor-version":[{"id":2443,"href":"https:\/\/bienmangerbassinminier.fr\/index.php?rest_route=\/wp\/v2\/pages\/519\/revisions\/2443"}],"wp:attachment":[{"href":"https:\/\/bienmangerbassinminier.fr\/index.php?rest_route=%2Fwp%2Fv2%2Fmedia&parent=519"}],"curies":[{"name":"wp","href":"https:\/\/api.w.org\/{rel}","templated":true}]}}

<div data-elementor-type="wp-page" data-elementor-id="519" class="elementor elementor-519" data-elementor-settings="[]">
							<div class="elementor-section-wrap">
							<section class="elementor-section elementor-top-section elementor-element elementor-element-2329919 elementor-section-boxed elementor-section-height-default elementor-section-height-default" data-id="2329919" data-element_type="section">
						<div class="elementor-container elementor-column-gap-default">
					<div class="elementor-column elementor-col-100 elementor-top-column elementor-element elementor-element-1c0e486" data-id="1c0e486" data-element_type="column">
			<div class="elementor-widget-wrap elementor-element-populated">
								<div class="elementor-element elementor-element-c756ebf elementor-widget elementor-widget-text-editor" data-id="c756ebf" data-element_type="widget" data-widget_type="text-editor.default">
				<div class="elementor-widget-container">
							<p dir="ltr" style="line-height: 1.3800000000000001; text-align: center; margin-top: 0pt; margin-bottom: 3pt;"><span style="font-size: 26pt; font-family: 'Libre Franklin',sans-serif; color: #000000; background-color: transparent; font-weight: 400; font-style: normal; font-variant: normal; text-decoration: none; vertical-align: baseline; white-space: pre-wrap;">CCAS de Vendin-le-Vieil</span></p><p><b style="font-weight: normal;"> </b></p><p dir="ltr" style="line-height: 1.2; text-align: center; margin-top: 0pt; margin-bottom: 0pt;"><span style="font-size: 12pt; font-family: 'Libre Franklin',sans-serif; color: #000000; background-color: transparent; font-weight: 400; font-style: normal; font-variant: normal; text-decoration: none; vertical-align: baseline; white-space: pre-wrap;"><span style="border: none; display: inline-block; overflow: hidden; width: 146px; height: 178px;"><img decoding="async" loading="lazy" style="margin-left: 0px; margin-top: 0px;" src="https://lh3.googleusercontent.com/CptcFJJZKDQX-TJMBYtiXUsQXN102ZIxWTTqspjOcQY06Sq9E-nHLaBbJcyHn1cVJN7KuxW7eSaHGTZ35m_x3ULr25Oz7p9lr8UCY2cz-uIaQuJZB0hIDrgK5j4nBHSuqgxn-KA" width="146" height="178" /></span></span></p><h1 dir="ltr" style="line-height: 1.2; margin-top: 12pt; margin-bottom: 0pt;"><span style="font-size: 16pt; font-family: 'Libre Franklin',sans-serif; color: #2f5496; background-color: transparent; font-weight: 400; font-style: normal; font-variant: normal; text-decoration: none; vertical-align: baseline; white-space: pre-wrap;">Représentant : </span></h1><p dir="ltr" style="line-height: 1.2; margin-top: 0pt; margin-bottom: 0pt;"><span style="font-size: 12pt; font-family: 'Libre Franklin',sans-serif; color: #000000; background-color: transparent; font-weight: 400; font-style: normal; font-variant: normal; text-decoration: none; vertical-align: baseline; white-space: pre-wrap;"><span style="font-weight: var( --e-global-typography-text-font-weight );">Ludovic Gambiez (Président du CCAS)</span></span></p><h1 dir="ltr" style="line-height: 1.2; margin-top: 12pt; margin-bottom: 0pt;"><span style="font-size: 16pt; font-family: 'Libre Franklin',sans-serif; color: #2f5496; background-color: transparent; font-weight: 400; font-style: normal; font-variant: normal; text-decoration: none; vertical-align: baseline; white-space: pre-wrap;">Contact et adresse : </span></h1><p dir="ltr" style="line-height: 1.2; margin-top: 0pt; margin-bottom: 0pt;"><span style="font-size: 12pt; font-family: 'Libre Franklin',sans-serif; color: #000000; background-color: transparent; font-weight: 400; font-style: normal; font-variant: normal; text-decoration: none; vertical-align: baseline; white-space: pre-wrap;"><span style="font-weight: var( --e-global-typography-text-font-weight );">Olivier HOBER (Directeur du CCAS et service logement)</span></span></p><p dir="ltr" style="line-height: 1.2; margin-top: 0pt; margin-bottom: 0pt;"><span style="font-size: 12pt; font-family: 'Libre Franklin',sans-serif; color: #000000; background-color: transparent; font-weight: 400; font-style: normal; font-variant: normal; text-decoration: none; vertical-align: baseline; white-space: pre-wrap;">07 55 63 96 15</span></p><p dir="ltr" style="line-height: 1.2; margin-top: 0pt; margin-bottom: 0pt;"><a style="text-decoration: none;" href="mailto:o.hober@vendinlevieil.fr"><span style="font-size: 12pt; font-family: 'Libre Franklin',sans-serif; color: #1155cc; background-color: transparent; font-weight: 400; font-style: normal; font-variant: normal; text-decoration: underline; -webkit-text-decoration-skip: none; text-decoration-skip-ink: none; vertical-align: baseline; white-space: pre-wrap;">o.hober@vendinlevieil.fr</span></a></p><p dir="ltr" style="line-height: 1.2; margin-top: 0pt; margin-bottom: 0pt;"><span style="font-size: 12pt; font-family: 'Libre Franklin',sans-serif; color: #222222; background-color: #ffffff; font-weight: 400; font-style: normal; font-variant: normal; text-decoration: none; vertical-align: baseline; white-space: pre-wrap;">Espace Bernard Bousch, 7 rue de la Liberté</span></p><p dir="ltr" style="line-height: 1.2; margin-top: 0pt; margin-bottom: 0pt;"><span style="font-size: 12pt; font-family: 'Libre Franklin',sans-serif; color: #222222; background-color: #ffffff; font-weight: 400; font-style: normal; font-variant: normal; text-decoration: none; vertical-align: baseline; white-space: pre-wrap;">62880 Vendin-le-Vieil</span></p><h1 dir="ltr" style="line-height: 1.2; text-align: justify; margin-top: 12pt; margin-bottom: 0pt;"><span style="font-size: 16pt; font-family: 'Libre Franklin',sans-serif; color: #2f5496; background-color: transparent; font-weight: 400; font-style: normal; font-variant: normal; text-decoration: none; vertical-align: baseline; white-space: pre-wrap;">Type de structure : </span></h1><p dir="ltr" style="line-height: 1.2; margin-top: 0pt; margin-bottom: 0pt;"><span style="font-size: 12pt; font-family: 'Libre Franklin',sans-serif; color: #000000; background-color: transparent; font-weight: 400; font-style: normal; font-variant: normal; text-decoration: none; vertical-align: baseline; white-space: pre-wrap;">Centre Communal d’Action Sociale (établissement public administratif)</span></p><h1 dir="ltr" style="line-height: 1.2; text-align: justify; margin-top: 12pt; margin-bottom: 0pt;"><span style="font-size: 16pt; font-family: 'Libre Franklin',sans-serif; color: #2f5496; background-color: transparent; font-weight: 400; font-style: normal; font-variant: normal; text-decoration: none; vertical-align: baseline; white-space: pre-wrap;">Présentation succincte : </span></h1><p dir="ltr" style="line-height: 1.2; text-align: justify; margin-top: 0pt; margin-bottom: 0pt;"><span style="font-size: 12pt; font-family: 'Libre Franklin',sans-serif; color: #000000; background-color: transparent; font-weight: 400; font-style: normal; font-variant: normal; text-decoration: none; vertical-align: baseline; white-space: pre-wrap;">Le CCAS de Vendin-le-Vieil accompagne les habitants de différentes façons dans leurs démarches, pour remédier à des situations de précarité ou de difficultés sociales. Tous les publics sont concernés, que ce soit des familles, des personnes âgées, des personnes en situation de handicap… Le public peut être directement pris en charge par le CCAS ou orienté par des partenaires locaux. Les missions du CCAS sont larges et peuvent notamment être d’aider dans des démarches administratives (constituer des dossiers de RSA, faire des demandes de logement…), de fournir des aides sociales (communales, chèques d’accompagnement…), de proposer un dispositif d’accompagnement individualisé vers l’emploi… </span></p><p dir="ltr" style="line-height: 1.2; text-align: justify; margin-top: 0pt; margin-bottom: 0pt;"><span style="font-size: 12pt; font-family: 'Libre Franklin',sans-serif; color: #000000; background-color: transparent; font-weight: 400; font-style: normal; font-variant: normal; text-decoration: none; vertical-align: baseline; white-space: pre-wrap;">Dans le cadre de la lutte contre l’exclusion et notamment alimentaire, le CCAS de Vendin-le-Vieil cofinance les dispositifs paniers solidaires (avec Les Anges Gardins) et P.A.N.I.E.R.S permettant l&rsquo;accès à une offre de légumes et fruits bio à moindre coût. Membre du Système d&rsquo;Alimentation Durable Territorial de la CALL, le CCAS travaille l&rsquo;accès à une alimentation saine et durable avec ses partenaires. En collaboration avec le Anges Gardins, il développe sur la commune un archipel nourricier.<br /></span></p><h1 dir="ltr" style="line-height: 1.2; text-align: justify; margin-top: 12pt; margin-bottom: 0pt;"><span style="font-size: 16pt; font-family: 'Libre Franklin',sans-serif; color: #2f5496; background-color: transparent; font-weight: 400; font-style: normal; font-variant: normal; text-decoration: none; vertical-align: baseline; white-space: pre-wrap;">Implantation, rayonnement et public : </span></h1><p> </p><p dir="ltr" style="line-height: 1.2; text-align: justify; margin-top: 0pt; margin-bottom: 0pt;"><span style="font-size: 12pt; font-family: 'Libre Franklin',sans-serif; color: #000000; background-color: transparent; font-weight: 400; font-style: normal; font-variant: normal; text-decoration: none; vertical-align: baseline; white-space: pre-wrap;">Le CCAS, anciennement implanté dans le centre-ville de Vendin, en mairie, a déménagé depuis décembre 2020, et est dorénavant situé dans l’ancienne mairie annexe, à l’Espace Bernard Bousch, au cœur de la cité 8, quartier politique de la ville. Ce nouvel emplacement va notamment permettre de toucher de nouveaux habitants de la commune, plus éloignés du centre</span><span style="color: #000000; font-family: 'Libre Franklin', sans-serif; font-size: 16px; font-weight: var( --e-global-typography-text-font-weight ); white-space: pre-wrap;">. </span></p>						</div>
				</div>
					</div>
		</div>
							</div>
		</section>
						</div>
					</div>

<p>CCAS de Vendin-le-Vieil   Représentant :  Ludovic Gambiez (Président du CCAS) Contact et adresse :  Olivier HOBER (Directeur du CCAS et service logement) 07 55 63 96 15 o.hober@vendinlevieil.fr Espace Bernard Bousch, 7 rue de&hellip;</p>
